{"id":142,"date":"2023-12-21T10:44:29","date_gmt":"2023-12-21T10:44:29","guid":{"rendered":"https:\/\/quantum.org.pl\/?page_id=142"},"modified":"2024-10-12T07:40:33","modified_gmt":"2024-10-12T07:40:33","slug":"obozy","status":"publish","type":"page","link":"https:\/\/quantum.org.pl\/index.php\/obozy\/","title":{"rendered":"Obozy\/p\u00f3\u0142kolonie"},"content":{"rendered":"<p>[et_pb_section fb_built=&#8221;1&#8243; fullwidth=&#8221;on&#8221; next_background_color=&#8221;#ffffff&#8221; _builder_version=&#8221;4.23.1&#8243; _module_preset=&#8221;default&#8221; use_background_color_gradient=&#8221;on&#8221; background_color_gradient_direction=&#8221;138deg&#8221; background_color_gradient_stops=&#8221;#8300e9 0%|#8300e9 49%|#b113ef 83%&#8221; height=&#8221;15vw&#8221; height_tablet=&#8221;15vw&#8221; height_phone=&#8221;150px&#8221; height_last_edited=&#8221;on|tablet&#8221; bottom_divider_style=&#8221;slant2&#8243; bottom_divider_height=&#8221;64px&#8221; bottom_divider_repeat=&#8221;1x&#8221; bottom_divider_flip=&#8221;horizontal&#8221; hover_enabled=&#8221;0&#8243; global_colors_info=&#8221;{}&#8221; sticky_enabled=&#8221;0&#8243;][et_pb_fullwidth_post_title meta=&#8221;off&#8221; featured_image=&#8221;off&#8221; _builder_version=&#8221;4.27.0&#8243; _module_preset=&#8221;default&#8221; title_font=&#8221;Open Sans|700|||||||&#8221; title_text_color=&#8221;#FFFFFF&#8221; title_font_size=&#8221;7vw&#8221; hover_enabled=&#8221;0&#8243; title_font_size_tablet=&#8221;&#8221; title_font_size_phone=&#8221;&#8221; title_font_size_last_edited=&#8221;on|tablet&#8221; global_colors_info=&#8221;{}&#8221; disabled_on=&#8221;on|on|off&#8221; sticky_enabled=&#8221;0&#8243;][\/et_pb_fullwidth_post_title][\/et_pb_section][et_pb_section fb_built=&#8221;1&#8243; _builder_version=&#8221;4.23.2&#8243; _module_preset=&#8221;default&#8221; global_colors_info=&#8221;{}&#8221;][et_pb_row column_structure=&#8221;1_2,1_2&#8243; make_equal=&#8221;on&#8221; _builder_version=&#8221;4.23.2&#8243; _module_preset=&#8221;default&#8221; max_width=&#8221;2035px&#8221; global_colors_info=&#8221;{}&#8221;][et_pb_column type=&#8221;1_2&#8243; _builder_version=&#8221;4.23.2&#8243; _module_preset=&#8221;default&#8221; global_colors_info=&#8221;{}&#8221;][et_pb_text _builder_version=&#8221;4.23.2&#8243; _module_preset=&#8221;default&#8221; header_2_text_color=&#8221;gcid-52c98ffb-5c2b-4118-bdb0-ebe6ea96c896&#8243; text_orientation=&#8221;justified&#8221; width=&#8221;100%&#8221; max_width=&#8221;100%&#8221; height=&#8221;100%&#8221; custom_padding=&#8221;5%|5%|5%|5%|false|false&#8221; border_radii=&#8221;on|28px|28px|28px|28px&#8221; box_shadow_style=&#8221;preset1&#8243; global_colors_info=&#8221;{%22gcid-52c98ffb-5c2b-4118-bdb0-ebe6ea96c896%22:%91%22header_2_text_color%22%93}&#8221;]<\/p>\n<h2><strong>Letni ob\u00f3z sportowy dla dzieci-2024<\/strong><\/h2>\n<p><strong><\/strong><\/p>\n<div data-offset-key=\"88g6l-0-0\"><span>Zapraszamy na letni ob\u00f3z sportowy dla dzieci i m\u0142odzie\u017cy organizowany przez Fundacj\u0119 Quantum.<\/span><\/div>\n<div data-offset-key=\"88g6l-0-0\"><span><\/span><\/div>\n<div data-offset-key=\"88g6l-0-0\"><span><\/span><\/div>\n<div data-offset-key=\"88g6l-0-0\"><span><\/span><\/div>\n<div data-offset-key=\"88g6l-0-0\"><span><\/span><\/div>\n<div data-offset-key=\"88g6l-0-0\"><span><\/span><\/div>\n<div data-offset-key=\"88g6l-0-0\"><span><\/span><\/div>\n<div data-offset-key=\"88g6l-0-0\"><span><\/span><\/div>\n<p>&nbsp;<\/p>\n<p>Zapewniamy \u015bwietn\u0105 zabaw\u0119 <strong>trwaj\u0105ca 10 dni<\/strong> nad Jeziorem \u017bywieckim!<\/p>\n<p>\u00a0<strong>W planie:<\/strong><\/p>\n<ul>\n<li><span class=\"OYPEnA text-decoration-none text-strikethrough-none\">treningi BJJ 2 razy dziennie<\/span><\/li>\n<li><span class=\"OYPEnA text-decoration-none text-strikethrough-none\">pi\u0142ka no\u017cna<\/span><\/li>\n<li><span class=\"OYPEnA text-decoration-none text-strikethrough-none\">siatk\u00f3wka<\/span><\/li>\n<li><span class=\"OYPEnA text-decoration-none text-strikethrough-none\">pi\u0142ka pla\u017cowa<\/span><\/li>\n<li><span class=\"OYPEnA text-decoration-none text-strikethrough-none\">kort tenisowy<\/span><\/li>\n<li><span class=\"OYPEnA text-decoration-none text-strikethrough-none\">tenis sto\u0142owy<\/span><\/li>\n<li><span class=\"OYPEnA text-decoration-none text-strikethrough-none\">pi\u0142karzyki<\/span><\/li>\n<li><span class=\"OYPEnA text-decoration-none text-strikethrough-none\">basen zewn\u0119trzny<\/span><\/li>\n<li><span class=\"OYPEnA text-decoration-none text-strikethrough-none\">kajaki, rowerki<\/span><\/li>\n<li><span class=\"OYPEnA text-decoration-none text-strikethrough-none\">rejs statkiem<\/span><\/li>\n<li><span class=\"OYPEnA text-decoration-none text-strikethrough-none\">ognisko<\/span><\/li>\n<li><span class=\"OYPEnA text-decoration-none text-strikethrough-none\">wieczorne seanse filmowe<\/span><\/li>\n<li><span class=\"OYPEnA text-decoration-none text-strikethrough-none\">dyskoteka\/just dance<\/span><\/li>\n<\/ul>\n<p>Wszyscy uczestnicy otrzymaj\u0105 pami\u0105tkowy t-shirt z obozu.<\/p>\n<div data-offset-key=\"88g6l-0-0\"><strong>MIEJSCE\u00a0O\u015brodek NEPTUN, Zarzecze<\/strong><\/div>\n<div data-offset-key=\"88g6l-0-0\"><\/div>\n<div data-offset-key=\"88g6l-0-0\"><strong>DATA 10-20.08.2024<\/strong><\/div>\n<div data-offset-key=\"6fvg1-0-0\"><strong>CENA<span> 2250 z\u0142<\/span><\/strong><span>\u00a0**<\/span><\/div>\n<p>**( cena obejmuje zakwaterowanie w domkach 5- osobowych z zapleczem sanitarnym, wy\u017cywienie, baz\u0119 rekreacyjno-sportow\u0105, atrakcje opisane powy\u017cej z wyj\u0105tkiem rejsu statkiem, kt\u00f3rego cena wynosi 30 z\u0142\/os., ubezpieczenie, przejazd autokarem)<\/p>\n<p><strong>P\u0142atno\u015b\u0107 w ratach:<\/strong><\/p>\n<p>I rata &#8211; 450 z\u0142 p\u0142atna do 31.03.2024 r.<\/p>\n<p>II rata &#8211; 450 z\u0142 p\u0142atna do 30.04.2024 r.<\/p>\n<p>III rata &#8211; 450 z\u0142 p\u0142atna do 31.05.2024 r.<\/p>\n<p>IV rata &#8211; 450 z\u0142 p\u0142atna do 30.06.2024 r.<\/p>\n<p>V rata &#8211; 450 z\u0142 p\u0142atna do 31.07.2024 r.<\/p>\n<p><b><\/b><span><b>ZADATEK<\/b> zwrotny 100% do 10.06.2024, po tym terminie nie ma zwrot\u00f3w zadatk\u00f3w.<\/span><\/p>\n<p><span><\/span><\/p>\n<p><strong>Kadra trenerska i wychowawcza:<\/strong><\/p>\n<p>Anna Klama<\/p>\n<p>Beata Rynkiewicz-Beier<\/p>\n<p>Karolina Zar\u0119bska<\/p>\n<p>[\/et_pb_text][\/et_pb_column][et_pb_column type=&#8221;1_2&#8243; _builder_version=&#8221;4.23.2&#8243; _module_preset=&#8221;default&#8221; global_colors_info=&#8221;{}&#8221;][et_pb_image src=&#8221;https:\/\/quantum.org.pl\/wp-content\/uploads\/2024\/10\/IMG-20230823-WA0022.jpg&#8221; _builder_version=&#8221;4.27.0&#8243; _module_preset=&#8221;default&#8221; custom_margin=&#8221;||-126px|||&#8221; global_colors_info=&#8221;{}&#8221;][\/et_pb_image][\/et_pb_column][\/et_pb_row][\/et_pb_section][et_pb_section fb_built=&#8221;1&#8243; _builder_version=&#8221;4.27.0&#8243; _module_preset=&#8221;default&#8221; global_colors_info=&#8221;{}&#8221;][et_pb_row _builder_version=&#8221;4.27.0&#8243; _module_preset=&#8221;default&#8221; global_colors_info=&#8221;{}&#8221;][et_pb_column type=&#8221;4_4&#8243; _builder_version=&#8221;4.27.0&#8243; _module_preset=&#8221;default&#8221; global_colors_info=&#8221;{}&#8221;][\/et_pb_column][\/et_pb_row][\/et_pb_section]<\/p>\n","protected":false},"excerpt":{"rendered":"<p>Letni ob\u00f3z sportowy dla dzieci-2024 Zapraszamy na letni ob\u00f3z sportowy dla dzieci i m\u0142odzie\u017cy organizowany przez Fundacj\u0119 Quantum. &nbsp; Zapewniamy \u015bwietn\u0105 zabaw\u0119 trwaj\u0105ca 10 dni nad Jeziorem \u017bywieckim! \u00a0W planie: treningi BJJ 2 razy dziennie pi\u0142ka no\u017cna siatk\u00f3wka pi\u0142ka pla\u017cowa kort tenisowy tenis sto\u0142owy pi\u0142karzyki basen zewn\u0119trzny kajaki, rowerki rejs statkiem ognisko wieczorne seanse filmowe [&hellip;]<\/p>\n","protected":false},"author":1,"featured_media":0,"parent":0,"menu_order":0,"comment_status":"closed","ping_status":"closed","template":"","meta":{"_et_pb_use_builder":"on","_et_pb_old_content":"<!-- wp:divi\/placeholder \/-->","_et_gb_content_width":"","footnotes":""},"class_list":["post-142","page","type-page","status-publish","hentry"],"_links":{"self":[{"href":"https:\/\/quantum.org.pl\/index.php\/wp-json\/wp\/v2\/pages\/142","targetHints":{"allow":["GET"]}}],"collection":[{"href":"https:\/\/quantum.org.pl\/index.php\/wp-json\/wp\/v2\/pages"}],"about":[{"href":"https:\/\/quantum.org.pl\/index.php\/wp-json\/wp\/v2\/types\/page"}],"author":[{"embeddable":true,"href":"https:\/\/quantum.org.pl\/index.php\/wp-json\/wp\/v2\/users\/1"}],"replies":[{"embeddable":true,"href":"https:\/\/quantum.org.pl\/index.php\/wp-json\/wp\/v2\/comments?post=142"}],"version-history":[{"count":14,"href":"https:\/\/quantum.org.pl\/index.php\/wp-json\/wp\/v2\/pages\/142\/revisions"}],"predecessor-version":[{"id":667,"href":"https:\/\/quantum.org.pl\/index.php\/wp-json\/wp\/v2\/pages\/142\/revisions\/667"}],"wp:attachment":[{"href":"https:\/\/quantum.org.pl\/index.php\/wp-json\/wp\/v2\/media?parent=142"}],"curies":[{"name":"wp","href":"https:\/\/api.w.org\/{rel}","templated":true}]}}