{"id":878,"date":"2025-08-02T18:21:17","date_gmt":"2025-08-02T18:21:17","guid":{"rendered":"https:\/\/quantum.org.pl\/?page_id=878"},"modified":"2026-08-17T19:15:00","modified_gmt":"2026-08-17T19:15:00","slug":"projekty","status":"publish","type":"page","link":"https:\/\/quantum.org.pl\/index.php\/projekty\/","title":{"rendered":"Projekty"},"content":{"rendered":"<p>[et_pb_section fb_built=&#8221;1&#8243; fullwidth=&#8221;on&#8221; next_background_color=&#8221;#ffffff&#8221; _builder_version=&#8221;4.23.1&#8243; _module_preset=&#8221;default&#8221; use_background_color_gradient=&#8221;on&#8221; background_color_gradient_direction=&#8221;138deg&#8221; background_color_gradient_stops=&#8221;#8300e9 0%|#8300e9 49%|#b113ef 83%&#8221; height=&#8221;15vw&#8221; height_tablet=&#8221;15vw&#8221; height_phone=&#8221;150px&#8221; height_last_edited=&#8221;on|tablet&#8221; bottom_divider_style=&#8221;slant2&#8243; bottom_divider_height=&#8221;64px&#8221; bottom_divider_repeat=&#8221;1x&#8221; bottom_divider_flip=&#8221;horizontal&#8221; global_colors_info=&#8221;{}&#8221;][et_pb_fullwidth_post_title meta=&#8221;off&#8221; featured_image=&#8221;off&#8221; _builder_version=&#8221;4.23.1&#8243; _module_preset=&#8221;default&#8221; title_font=&#8221;Open Sans|700|||||||&#8221; title_text_color=&#8221;#FFFFFF&#8221; title_font_size=&#8221;10vw&#8221; custom_padding=&#8221;||43px|||&#8221; title_font_size_tablet=&#8221;&#8221; title_font_size_phone=&#8221;&#8221; title_font_size_last_edited=&#8221;on|tablet&#8221; global_colors_info=&#8221;{}&#8221;][\/et_pb_fullwidth_post_title][\/et_pb_section][et_pb_section fb_built=&#8221;1&#8243; _builder_version=&#8221;4.23.1&#8243; _module_preset=&#8221;default&#8221; global_colors_info=&#8221;{}&#8221;][et_pb_row column_structure=&#8221;1_2,1_2&#8243; _builder_version=&#8221;4.23.1&#8243; _module_preset=&#8221;default&#8221; global_colors_info=&#8221;{}&#8221;][et_pb_column type=&#8221;1_2&#8243; _builder_version=&#8221;4.23.1&#8243; _module_preset=&#8221;default&#8221; global_colors_info=&#8221;{}&#8221;][et_pb_text _builder_version=&#8221;4.27.4&#8243; _module_preset=&#8221;default&#8221; global_colors_info=&#8221;{}&#8221;]<\/p>\n<h1 class=\"entry-title\">Umowa o dofinansowanie podpisana!<\/h1>\n<p class=\"wp-block-paragraph\">Z ogromn\u0105 wdzieczno\u015bci\u0105 i rado\u015bci\u0105 informujemy, i\u017c 27 lipca 2026 r. Prezes naszej Fundacji Ania Klama podpisa\u0142a umow\u0119 o dofinansowanie na realizacj\u0119 zadania pn. \u201e\u015aladami przesz\u0142o\u015bci \u2013 sztuka i dziedzictwo oczami najm\u0142odszych II\u201d \u2712\ufe0f<\/p>\n<p class=\"wp-block-paragraph\">Projekt dofinansowany ze \u015brodk\u00f3w bud\u017cetu pa\u0144stwa, przyznanych przez Ministra Edukacji w ramach programu \u201eKompas M\u0142odego Obywatela\u201d<\/p>\n<p class=\"wp-block-paragraph\">Projekt obejmie swoim zasi\u0119giem a\u017c 4 wojew\u00f3dztwa (Wielkopolskie, \u015al\u0105skie, Opolskie i Ma\u0142opolskie), a dzia\u0142ania edukacyjno-kulturalne skierowane b\u0119d\u0105 do 400 dzieci i m\u0142odzie\u017cy!<\/p>\n<p class=\"wp-block-paragraph\">Przed nami wiele inspiruj\u0105cych wycieczek, warsztat\u00f3w i rodzinna impreza edukacyjno \u2013 kulturalna w GR\u00d3D Rycerski W Byczynie.<\/p>\n<p class=\"wp-block-paragraph\">Obserwujcie nasz\u0105 stron\u0119, bo nied\u0142ugo pojawi\u0105 si\u0119 pierwsze dzia\u0142ania \ud83e\udd17\ud83d\ude0a<\/p>\n<p class=\"wp-block-paragraph\">Zapraszamy do udzia\u0142u \ud83e\udd17<\/p>\n<p class=\"wp-block-paragraph\">\n<p>&nbsp;<\/p>\n<p>[\/et_pb_text][\/et_pb_column][et_pb_column type=&#8221;1_2&#8243; _builder_version=&#8221;4.23.1&#8243; _module_preset=&#8221;default&#8221; global_colors_info=&#8221;{}&#8221;][et_pb_gallery gallery_ids=&#8221;1179,1234&#8243; show_title_and_caption=&#8221;off&#8221; show_pagination_tablet=&#8221;&#8221; show_pagination_phone=&#8221;&#8221; show_pagination_last_edited=&#8221;on|desktop&#8221; _builder_version=&#8221;4.27.4&#8243; _module_preset=&#8221;default&#8221; global_colors_info=&#8221;{}&#8221;][\/et_pb_gallery][\/et_pb_column][\/et_pb_row][et_pb_row column_structure=&#8221;1_2,1_2&#8243; _builder_version=&#8221;4.23.1&#8243; _module_preset=&#8221;default&#8221; global_colors_info=&#8221;{}&#8221;][et_pb_column type=&#8221;1_2&#8243; _builder_version=&#8221;4.23.1&#8243; _module_preset=&#8221;default&#8221; global_colors_info=&#8221;{}&#8221;][et_pb_text _builder_version=&#8221;4.27.4&#8243; _module_preset=&#8221;default&#8221; global_colors_info=&#8221;{}&#8221;]<\/p>\n<h1 class=\"entry-title\">Fundacja Quantum z dofinansowaniem!<\/h1>\n<p class=\"wp-block-paragraph\">Z ogromn\u0105 rado\u015bci\u0105 informujemy, i\u017c nasza Fundacja podpisa\u0142a umow\u0119 na realizacj\u0119 zadania pn.<span>\u00a0<\/span><strong><em>\u201e\u015aladami przesz\u0142o\u015bci \u2013 sztuka i dziedzictwo oczami najm\u0142odszych\u201d<\/em><\/strong><span>\u00a0<\/span>w ramach programu pn.<span>\u00a0<\/span><strong>\u201eNasze tradycje\u201d,<\/strong><span>\u00a0<\/span>kt\u00f3re zostanie dofinansowane przez<span>\u00a0<\/span><strong>Ministerstwo Edukacji Narodowej<\/strong><span>\u00a0<\/span>\ud83d\ude01\ud83e\udd73<\/p>\n<p class=\"wp-block-paragraph\"><strong>Zadanie skierowane jest do dzieci w wieku 6-15 lat<\/strong>\ud83e\udd38, a jego celem jest promowanie dziedzictwa kulturowego.<\/p>\n<p class=\"wp-block-paragraph\">W ramach tego zadania zorganizujemy kreatywne plenerowe warsztaty malarskie dla dzieci, cykl 5 jednodniowych wycieczek, podczas kt\u00f3rych dzieci nie tylko zwiedz\u0105 instytucje kultury, ale tak\u017ce wezm\u0105 udzia\u0142 w warsztatach i troszk\u0119 si\u0119 pobawi\u0105\ud83d\ude09 oraz imprez\u0119 podsumowuj\u0105c\u0105 realizacj\u0119 ca\u0142ego projektu \ud83d\ude0a<\/p>\n<p class=\"wp-block-paragraph\">Co to oznacza? \u017be przed nami \u015bwietna zabawa, na kt\u00f3r\u0105 bardzo si\u0119 cieszymy \ud83e\udd73<\/p>\n<p class=\"wp-block-paragraph\">Zapraszamy do \u015bledzenia naszej strony, bo nied\u0142ugo pojawi\u0105 si\u0119 informacje na temat pierwszych dzia\u0142a\u0144\ud83d\ude01<\/p>\n<p class=\"wp-block-paragraph\"><strong>\u201eProjekt dofinansowany ze \u015brodk\u00f3w bud\u017cetu pa\u0144stwa, przyznanych przez Ministra Edukacji w ramach programu Nasze tradycje\u201d<\/strong>.<\/p>\n<p class=\"wp-block-paragraph\">\n<p>&nbsp;<\/p>\n<p>[\/et_pb_text][\/et_pb_column][et_pb_column type=&#8221;1_2&#8243; _builder_version=&#8221;4.23.1&#8243; _module_preset=&#8221;default&#8221; global_colors_info=&#8221;{}&#8221;][et_pb_gallery gallery_ids=&#8221;861,1196&#8243; show_title_and_caption=&#8221;off&#8221; show_pagination_tablet=&#8221;&#8221; show_pagination_phone=&#8221;&#8221; show_pagination_last_edited=&#8221;on|desktop&#8221; _builder_version=&#8221;4.27.4&#8243; _module_preset=&#8221;default&#8221; min_height=&#8221;163.1px&#8221; global_colors_info=&#8221;{}&#8221;][\/et_pb_gallery][\/et_pb_column][\/et_pb_row][et_pb_row column_structure=&#8221;1_2,1_2&#8243; _builder_version=&#8221;4.23.1&#8243; _module_preset=&#8221;default&#8221; global_colors_info=&#8221;{}&#8221;][et_pb_column type=&#8221;1_2&#8243; _builder_version=&#8221;4.23.1&#8243; _module_preset=&#8221;default&#8221; global_colors_info=&#8221;{}&#8221;][et_pb_text _builder_version=&#8221;4.27.4&#8243; _module_preset=&#8221;default&#8221; global_colors_info=&#8221;{}&#8221;]<\/p>\n<h1 class=\"entry-title\">Fundacja Quantum podpisa\u0142a umow\u0119 o dofinansowanie!<\/h1>\n<p class=\"wp-block-paragraph\">Mi\u0142o nam poinformowa\u0107, \u017ce w dniu 24 pa\u017adziernika 2023 roku<span>\u00a0<\/span><strong>Fundacja Quantum<\/strong><span>\u00a0<\/span>z siedzib\u0105 w Grodzisku podpisa\u0142a umow\u0119 o dofinansowanie z<span>\u00a0<\/span><strong>Narodowy Instytut Wolno\u015bci \u2013 Centrum Rozwoju Spo\u0142ecze\u0144stwa Obywatelskiego na realizacj\u0119 zada\u0144 w ramach Rz\u0105dowego Programu Rozwoju Organizacji Obywatelskich na lata 2018-2030.<\/strong><\/p>\n<p class=\"wp-block-paragraph\">Pozyskane \u015brodki zosta\u0142y przeznaczone na zakup przeno\u015bnych mat treningowych, aby m\u00f3c zapewni\u0107 naszym podopiecznym jeszcze lepsze warunki do rozwijania swoich umiej\u0119tno\u015bci realizuj\u0105c zadanie pn.<span>\u00a0<\/span><strong>Dzieciaki na Maty!<\/strong><\/p>\n<p class=\"wp-block-paragraph\"><strong>Zadanie zosta\u0142o sfinansowane z Narodowy Instytut Wolno\u015bci \u2013 Centrum Rozwoju Spo\u0142ecze\u0144stwa Obywatelskiego w ramach #RPROO na lata 2018\u20132030 PROO Komitet do spraw Po\u017cytku Publicznego<\/strong><\/p>\n<p class=\"wp-block-paragraph\">Jeste\u015bmy ogromnie wdzi\u0119czni za wsparcie, kt\u00f3re pozwala nam tworzy\u0107 jeszcze lepsze miejsce dla naszych dzieciak\u00f3w.<\/p>\n<p class=\"wp-block-paragraph\">\n<p>&nbsp;<\/p>\n<p>[\/et_pb_text][\/et_pb_column][et_pb_column type=&#8221;1_2&#8243; _builder_version=&#8221;4.23.1&#8243; _module_preset=&#8221;default&#8221; global_colors_info=&#8221;{}&#8221;][et_pb_gallery gallery_ids=&#8221;1184&#8243; show_title_and_caption=&#8221;off&#8221; show_pagination_tablet=&#8221;&#8221; show_pagination_phone=&#8221;&#8221; show_pagination_last_edited=&#8221;on|desktop&#8221; _builder_version=&#8221;4.27.4&#8243; _module_preset=&#8221;default&#8221; min_height=&#8221;163.1px&#8221; hover_enabled=&#8221;0&#8243; global_colors_info=&#8221;{}&#8221; sticky_enabled=&#8221;0&#8243;][\/et_pb_gallery][\/et_pb_column][\/et_pb_row][\/et_pb_section]<\/p>\n","protected":false},"excerpt":{"rendered":"<p>Umowa o dofinansowanie podpisana! Z ogromn\u0105 wdzieczno\u015bci\u0105 i rado\u015bci\u0105 informujemy, i\u017c 27 lipca 2026 r. Prezes naszej Fundacji Ania Klama podpisa\u0142a umow\u0119 o dofinansowanie na realizacj\u0119 zadania pn. \u201e\u015aladami przesz\u0142o\u015bci \u2013 sztuka i dziedzictwo oczami najm\u0142odszych II\u201d \u2712\ufe0f Projekt dofinansowany ze \u015brodk\u00f3w bud\u017cetu pa\u0144stwa, przyznanych przez Ministra Edukacji w ramach programu \u201eKompas M\u0142odego Obywatela\u201d Projekt [&hellip;]<\/p>\n","protected":false},"author":2,"featured_media":0,"parent":0,"menu_order":0,"comment_status":"closed","ping_status":"closed","template":"","meta":{"_et_pb_use_builder":"on","_et_pb_old_content":"","_et_gb_content_width":"","footnotes":""},"class_list":["post-878","page","type-page","status-publish","hentry"],"_links":{"self":[{"href":"https:\/\/quantum.org.pl\/index.php\/wp-json\/wp\/v2\/pages\/878","targetHints":{"allow":["GET"]}}],"collection":[{"href":"https:\/\/quantum.org.pl\/index.php\/wp-json\/wp\/v2\/pages"}],"about":[{"href":"https:\/\/quantum.org.pl\/index.php\/wp-json\/wp\/v2\/types\/page"}],"author":[{"embeddable":true,"href":"https:\/\/quantum.org.pl\/index.php\/wp-json\/wp\/v2\/users\/2"}],"replies":[{"embeddable":true,"href":"https:\/\/quantum.org.pl\/index.php\/wp-json\/wp\/v2\/comments?post=878"}],"version-history":[{"count":9,"href":"https:\/\/quantum.org.pl\/index.php\/wp-json\/wp\/v2\/pages\/878\/revisions"}],"predecessor-version":[{"id":1244,"href":"https:\/\/quantum.org.pl\/index.php\/wp-json\/wp\/v2\/pages\/878\/revisions\/1244"}],"wp:attachment":[{"href":"https:\/\/quantum.org.pl\/index.php\/wp-json\/wp\/v2\/media?parent=878"}],"curies":[{"name":"wp","href":"https:\/\/api.w.org\/{rel}","templated":true}]}}

<p>[et_pb_section fb_built=&#8221;1&#8243; fullwidth=&#8221;on&#8221; next_background_color=&#8221;#ffffff&#8221; _builder_version=&#8221;4.23.1&#8243; _module_preset=&#8221;default&#8221; use_background_color_gradient=&#8221;on&#8221; background_color_gradient_direction=&#8221;138deg&#8221; background_color_gradient_stops=&#8221;#8300e9 0%|#8300e9 49%|#b113ef 83%&#8221; height=&#8221;15vw&#8221; height_tablet=&#8221;15vw&#8221; height_phone=&#8221;150px&#8221; height_last_edited=&#8221;on|tablet&#8221; bottom_divider_style=&#8221;slant2&#8243; bottom_divider_height=&#8221;64px&#8221; bottom_divider_repeat=&#8221;1x&#8221; bottom_divider_flip=&#8221;horizontal&#8221; global_colors_info=&#8221;{}&#8221;][et_pb_fullwidth_post_title meta=&#8221;off&#8221; featured_image=&#8221;off&#8221; _builder_version=&#8221;4.23.1&#8243; _module_preset=&#8221;default&#8221; title_font=&#8221;Open Sans|700|||||||&#8221; title_text_color=&#8221;#FFFFFF&#8221; title_font_size=&#8221;10vw&#8221; custom_padding=&#8221;||43px|||&#8221; title_font_size_tablet=&#8221;&#8221; title_font_size_phone=&#8221;&#8221; title_font_size_last_edited=&#8221;on|tablet&#8221; global_colors_info=&#8221;{}&#8221;][/et_pb_fullwidth_post_title][/et_pb_section][et_pb_section fb_built=&#8221;1&#8243; _builder_version=&#8221;4.23.1&#8243; _module_preset=&#8221;default&#8221; global_colors_info=&#8221;{}&#8221;][et_pb_row column_structure=&#8221;1_2,1_2&#8243; _builder_version=&#8221;4.23.1&#8243; _module_preset=&#8221;default&#8221; global_colors_info=&#8221;{}&#8221;][et_pb_column type=&#8221;1_2&#8243; _builder_version=&#8221;4.23.1&#8243; _module_preset=&#8221;default&#8221; global_colors_info=&#8221;{}&#8221;][et_pb_text _builder_version=&#8221;4.27.4&#8243; _module_preset=&#8221;default&#8221; global_colors_info=&#8221;{}&#8221;]</p>
<h1 class="entry-title">Umowa o dofinansowanie podpisana!</h1>
<p class="wp-block-paragraph">Z ogromną wdziecznością i radością informujemy, iż 27 lipca 2026 r. Prezes naszej Fundacji Ania Klama podpisała umowę o dofinansowanie na realizację zadania pn. „Śladami przeszłości – sztuka i dziedzictwo oczami najmłodszych II” ✒️</p>
<p class="wp-block-paragraph">Projekt dofinansowany ze środków budżetu państwa, przyznanych przez Ministra Edukacji w ramach programu „Kompas Młodego Obywatela”</p>
<p class="wp-block-paragraph">Projekt obejmie swoim zasięgiem aż 4 województwa (Wielkopolskie, Śląskie, Opolskie i Małopolskie), a działania edukacyjno-kulturalne skierowane będą do 400 dzieci i młodzieży!</p>
<p class="wp-block-paragraph">Przed nami wiele inspirujących wycieczek, warsztatów i rodzinna impreza edukacyjno – kulturalna w GRÓD Rycerski W Byczynie.</p>
<p class="wp-block-paragraph">Obserwujcie naszą stronę, bo niedługo pojawią się pierwsze działania 🤗😊</p>
<p class="wp-block-paragraph">Zapraszamy do udziału 🤗</p>
<p class="wp-block-paragraph">
<p>&nbsp;</p>
<p>[/et_pb_text][/et_pb_column][et_pb_column type=&#8221;1_2&#8243; _builder_version=&#8221;4.23.1&#8243; _module_preset=&#8221;default&#8221; global_colors_info=&#8221;{}&#8221;][et_pb_gallery gallery_ids=&#8221;1179,1234&#8243; show_title_and_caption=&#8221;off&#8221; show_pagination_tablet=&#8221;&#8221; show_pagination_phone=&#8221;&#8221; show_pagination_last_edited=&#8221;on|desktop&#8221; _builder_version=&#8221;4.27.4&#8243; _module_preset=&#8221;default&#8221; global_colors_info=&#8221;{}&#8221;][/et_pb_gallery][/et_pb_column][/et_pb_row][et_pb_row column_structure=&#8221;1_2,1_2&#8243; _builder_version=&#8221;4.23.1&#8243; _module_preset=&#8221;default&#8221; global_colors_info=&#8221;{}&#8221;][et_pb_column type=&#8221;1_2&#8243; _builder_version=&#8221;4.23.1&#8243; _module_preset=&#8221;default&#8221; global_colors_info=&#8221;{}&#8221;][et_pb_text _builder_version=&#8221;4.27.4&#8243; _module_preset=&#8221;default&#8221; global_colors_info=&#8221;{}&#8221;]</p>
<h1 class="entry-title">Fundacja Quantum z dofinansowaniem!</h1>
<p class="wp-block-paragraph">Z ogromną radością informujemy, iż nasza Fundacja podpisała umowę na realizację zadania pn.<span> </span><strong><em>„Śladami przeszłości – sztuka i dziedzictwo oczami najmłodszych”</em></strong><span> </span>w ramach programu pn.<span> </span><strong>„Nasze tradycje”,</strong><span> </span>które zostanie dofinansowane przez<span> </span><strong>Ministerstwo Edukacji Narodowej</strong><span> </span>😁🥳</p>
<p class="wp-block-paragraph"><strong>Zadanie skierowane jest do dzieci w wieku 6-15 lat</strong>🤸, a jego celem jest promowanie dziedzictwa kulturowego.</p>
<p class="wp-block-paragraph">W ramach tego zadania zorganizujemy kreatywne plenerowe warsztaty malarskie dla dzieci, cykl 5 jednodniowych wycieczek, podczas których dzieci nie tylko zwiedzą instytucje kultury, ale także wezmą udział w warsztatach i troszkę się pobawią😉 oraz imprezę podsumowującą realizację całego projektu 😊</p>
<p class="wp-block-paragraph">Co to oznacza? Że przed nami świetna zabawa, na którą bardzo się cieszymy 🥳</p>
<p class="wp-block-paragraph">Zapraszamy do śledzenia naszej strony, bo niedługo pojawią się informacje na temat pierwszych działań😁</p>
<p class="wp-block-paragraph"><strong>„Projekt dofinansowany ze środków budżetu państwa, przyznanych przez Ministra Edukacji w ramach programu Nasze tradycje”</strong>.</p>
<p class="wp-block-paragraph">
<p>&nbsp;</p>
<p>[/et_pb_text][/et_pb_column][et_pb_column type=&#8221;1_2&#8243; _builder_version=&#8221;4.23.1&#8243; _module_preset=&#8221;default&#8221; global_colors_info=&#8221;{}&#8221;][et_pb_gallery gallery_ids=&#8221;861,1196&#8243; show_title_and_caption=&#8221;off&#8221; show_pagination_tablet=&#8221;&#8221; show_pagination_phone=&#8221;&#8221; show_pagination_last_edited=&#8221;on|desktop&#8221; _builder_version=&#8221;4.27.4&#8243; _module_preset=&#8221;default&#8221; min_height=&#8221;163.1px&#8221; global_colors_info=&#8221;{}&#8221;][/et_pb_gallery][/et_pb_column][/et_pb_row][et_pb_row column_structure=&#8221;1_2,1_2&#8243; _builder_version=&#8221;4.23.1&#8243; _module_preset=&#8221;default&#8221; global_colors_info=&#8221;{}&#8221;][et_pb_column type=&#8221;1_2&#8243; _builder_version=&#8221;4.23.1&#8243; _module_preset=&#8221;default&#8221; global_colors_info=&#8221;{}&#8221;][et_pb_text _builder_version=&#8221;4.27.4&#8243; _module_preset=&#8221;default&#8221; global_colors_info=&#8221;{}&#8221;]</p>
<h1 class="entry-title">Fundacja Quantum podpisała umowę o dofinansowanie!</h1>
<p class="wp-block-paragraph">Miło nam poinformować, że w dniu 24 października 2023 roku<span> </span><strong>Fundacja Quantum</strong><span> </span>z siedzibą w Grodzisku podpisała umowę o dofinansowanie z<span> </span><strong>Narodowy Instytut Wolności – Centrum Rozwoju Społeczeństwa Obywatelskiego na realizację zadań w ramach Rządowego Programu Rozwoju Organizacji Obywatelskich na lata 2018-2030.</strong></p>
<p class="wp-block-paragraph">Pozyskane środki zostały przeznaczone na zakup przenośnych mat treningowych, aby móc zapewnić naszym podopiecznym jeszcze lepsze warunki do rozwijania swoich umiejętności realizując zadanie pn.<span> </span><strong>Dzieciaki na Maty!</strong></p>
<p class="wp-block-paragraph"><strong>Zadanie zostało sfinansowane z Narodowy Instytut Wolności – Centrum Rozwoju Społeczeństwa Obywatelskiego w ramach #RPROO na lata 2018–2030 PROO Komitet do spraw Pożytku Publicznego</strong></p>
<p class="wp-block-paragraph">Jesteśmy ogromnie wdzięczni za wsparcie, które pozwala nam tworzyć jeszcze lepsze miejsce dla naszych dzieciaków.</p>
<p class="wp-block-paragraph">
<p>&nbsp;</p>
<p>[/et_pb_text][/et_pb_column][et_pb_column type=&#8221;1_2&#8243; _builder_version=&#8221;4.23.1&#8243; _module_preset=&#8221;default&#8221; global_colors_info=&#8221;{}&#8221;][et_pb_gallery gallery_ids=&#8221;1184&#8243; show_title_and_caption=&#8221;off&#8221; show_pagination_tablet=&#8221;&#8221; show_pagination_phone=&#8221;&#8221; show_pagination_last_edited=&#8221;on|desktop&#8221; _builder_version=&#8221;4.27.4&#8243; _module_preset=&#8221;default&#8221; min_height=&#8221;163.1px&#8221; hover_enabled=&#8221;0&#8243; global_colors_info=&#8221;{}&#8221; sticky_enabled=&#8221;0&#8243;][/et_pb_gallery][/et_pb_column][/et_pb_row][/et_pb_section]</p>

<p>Umowa o dofinansowanie podpisana! Z ogromną wdziecznością i radością informujemy, iż 27 lipca 2026 r. Prezes naszej Fundacji Ania Klama podpisała umowę o dofinansowanie na realizację zadania pn. „Śladami przeszłości – sztuka i dziedzictwo oczami najmłodszych II” ✒️ Projekt dofinansowany ze środków budżetu państwa, przyznanych przez Ministra Edukacji w ramach programu „Kompas Młodego Obywatela” Projekt [&hellip;]</p>
